p**2 - p + 1. Is s(b) prime?
True
Let d be 5 + -4 + 16/(3 - -1). Suppose -d + 13 = 4*f. Suppose 4*n - 3*s - 5444 = -6*s, 4*s = -f*n + 2722. Is n composite?
False
Let s = -98 + 103. Suppose 3*a - 7 = 5. Suppose s*f - 357 = 2*l - 3*l, 0 = -a*l - 4*f + 1460. Is l a prime number?
True
Let s = 85481 - 12082. Is s composite?
True
Suppose 92*u + 4*y = 93*u + 16, -5*y = -4*u - 64. Let k(a) be the second derivative of a**5/20 + 3*a**4/2 + 29*a**3/6 + 19*a**2/2 + 2*a. Is k(u) composite?
False
Suppose 24953 = 6*f + 4079. Suppose 2*q = 2*d - 3*q - 1767, -q + f = 4*d. Is d composite?
True
Let q(w) = 6*w**3 + 4*w - 5. Let z be q(1). Suppose 5*u - z*p + 1027 = 20942, 5*u + 2*p - 19901 = 0. Is u composite?
True
Let x(w) = 39*w**2 - 34*w + 27. Is x(22) prime?
False
Let n be (14/(-2) - 1)*(-27)/54. Suppose -n*l = -l + 2*k - 4, 11 = 4*l - 3*k. Suppose 0 = -l*g + 63 + 359. Is g composite?
False
Let t(s) = -3*s + 23. Let h = 64 - 74. Let d be t(h). Suppose 0 = -4*n + 5*g - d + 142, -2*n + 3*g + 45 = 0. Is n prime?
False
Suppose 2*y - 141676 = -a, -y = 4*a - 2*a - 70844. Suppose -6*o = -8*o + d + y, 0 = 5*o - d - 177093. Is o composite?
False
Suppose -3*l + 36052 = -11399. Suppose 0 = -2*k - 3*k - 5*t + 26355, 0 = 3*k + 5*t - l. Is k a composite number?
True
Let t(g) = 81*g - 32. Suppose 6 = -5*i + 4*z - 16, 5*i + 3*z + 36 = 0. Let b be t(i). Let v = b - -969. Is v prime?
False
Suppose -3100591 - 797264 = -95*s + 4239655. Is s a composite number?
True
Let h = -1764846 - -2472067. Is h a prime number?
False
Let l(a) be the third derivative of 463*a**5/60 + a**3/3 - 14*a**2. Let j be l(2). Let o = -1243 + j. Is o composite?
True
Let q(d) = -2*d - 22. Let p be q(-11). Suppose p = -3*l + l + 264. Is 34707/11 - 24/l a composite number?
True
Let b(w) = -w**3 - 21*w**2 + 37*w - 46. Let c be b(-23). Suppose 3*q - c - 982 = 0. Is q a composite number?
True
Let s be (1 + -10)*39066/153. Let v = s + 4771. Is v a prime number?
True
Suppose 5*j - 47097 - 26980 = 4*t, -2*t = -2*j + 29628. Is j prime?
True
Let b(j) = -76 + 30*j + 46*j - 21*j + 56*j + 0*j. Is b(7) prime?
True
Is (-6*(-15331)/10)/(164/820) a prime number?
False
Suppose -589*q + 588*q + 2 = 0, 2*z + 22 = -5*q. Let h(w) = 26*w + 23. Let x(l) = 52*l + 47. Let d(v) = -5*h(v) + 2*x(v). Is d(z) a prime number?
False
Let o(f) = -f**3 + 10*f**2 + 13*f - 20. Let l be o(11). Suppose l*k = 8*k - 37716. Suppose k = 5*r - 2499. Is r a composite number?
True
Suppose 0 = -n - 15*b + 17*b + 2, 4*b = -4*n - 28. Let c(h) be the third derivative of 19*h**5/20 + h**4/24 - 3*h**3/2 + 2*h**2. Is c(n) composite?
True
Is (3/(-12) + 2/(-8))/(86/(-210356)) prime?
True
Let h(g) = -3*g**2 - 119*g + 32. Let i be h(-40). Suppose -5*x - 13 = -3. Is x/i - (0 + (-483)/4) a prime number?
False
Suppose 20*x + 253170 - 666878 = 815552. Is x prime?
True
Suppose 17*u - 12*u - 320 = 0. Suppose u = -4*r + g, r + 2*g + 31 - 6 = 0. Let z(t) = t**3 + 22*t**2 + 9*t - 19. Is z(r) a prime number?
False
Let x = -19247 - -75324. Is x a prime number?
False
Suppose y + 4*y + 146152 = 2*w, 4*w - 292316 = 4*y. Is w a prime number?
False
Suppose -93055 = -3*x - 4*m, 6*x - 3*m - 124040 = 2*x. Is x a composite number?
False
Let i(v) = -14825*v - 47. Let a be i(-10). Suppose -22*c + a = -90431. Is c composite?
False
Let w be -1 - (-3 + -3 + 1). Let x = -9 - -9. Suppose -3*t + w*t = -4*y + 742, 2*t - 4 = x. Is y prime?
False
Suppose 0*b + 3*b - 1453843 = -5*r, 2*b = 3*r - 872321. Is r a prime number?
False
Let h(s) = -2*s**2 - 49*s - 24. Let t be h(-24). Suppose t = -4*b + 2799 - 147. Let u = -76 + b. Is u a composite number?
False
Let d(u) = -93*u**3 - 178*u**2 + 5*u + 15. Is d(-9) a composite number?
True
Suppose 14*n = 19563 + 693947. Is n composite?
True
Suppose 3*k = 13*k + k. Let u be (-4 - k)/((-22)/44). Suppose -u*o + o = -133. Is o composite?
False
Suppose 140 = -14*h + 182. Suppose y = -h*y + 9668. Is y composite?
False
Suppose 446*d - 358*d = 17034424. Is d composite?
False
Let y be (-62)/(-14) + (-1)/(56/24). Suppose -y*f - 9*f = -52. Is (-18)/(-27)*2/f*1347 a prime number?
True
Is 3609288/28 + (-1 - 90/(-84))*-2 a composite number?
False
Suppose 3*j = 4*r + 321063, 0 = -5*j + 3*r + 190114 + 344991. Is j prime?
True
Let a be (-1 + 5/2)/(21/28336). Let c = 3757 - a. Is c a prime number?
True
Suppose 4*v + 4*v - 3118191 = 2384041. Is v a prime number?
True
Let q(v) = -v + 1. Let x(d) = 4*d**2 - 47*d - 20. Let f(z) = q(z) + x(z). Is f(-9) a composite number?
True
Suppose -633946 = -4*i - 104*r + 109*r, 5*r = 5*i - 792435. Is i a prime number?
True
Let u be (-30)/25*10/(-4). Let g(p) = -167*p**2 - 6*p - 5. Let n(k) = k**2 + k - 1. Let h(t) = -g(t) - 5*n(t). Is h(u) prime?
True
Let b(w) = 17366*w**2 + w. Let r be b(-1). Let p(o) = -o**2 + 4*o + 497. Let s be p(24). Suppose -s*x = -12*x - r. Is x a composite number?
True
Let d = -5323 + 3744. Let z = d + 4656. Is z a composite number?
True
Let j = -703 + -2961. Let g = -8817 - -15324. Let k = g + j. Is k prime?
True
Let w be 2*(-9)/6*(-1 - 0). Let a(d) = 33*d - 8. Let f(p) = 17*p - 4. Let n(x) = -2*a(x) + 5*f(x). Is n(w) composite?
False
Let a = -300 + 757. Suppose a + 379 = 11*z. Suppose -557 = z*d - 77*d. Is d a prime number?
True
Let j(g) = -g**3 + 5*g + 4. Let m be j(-2). Suppose m*t = -2*f - 0*t + 12, 4*t = 12. Is (410/f)/(4/6) composite?
True
Let v(z) = -z**3 + 6*z**2 - 4*z - 1. Let p be v(3). Let i(u) = -32629*u**3 - 2*u - 1. Let h be i(-1). Suppose -h = 4*m - p*m. Is m prime?
False
Suppose -5*f + 7 = 22. Let b be (23 - 38)*(-1)/f. Is b*((-16)/(-4) - 21) prime?
False
Let b(l) = 6194*l - 13. Let v = 244 - 243. Is b(v) a composite number?
True
Let f = 52 - 25. Suppose 0 = -7*n + 3*n - 5*r - f, 3*n = 2*r - 3. Is (-586)/n*15/10 composite?
False
Is (-133101)/(-57) - (126/114 + -1) a prime number?
False
Suppose 6894 = 4*t - 522. Suppose 14*w - 17*w + t = 0. Is w/6 + -2 + 2 prime?
True
Is 24/(-20) - 74630493/(-315) prime?
False
Is (-24)/120 - (-1162572)/10 composite?
False
Let x = -22464 - -10954. Let i = x - -25765. Is i a prime number?
False
Let n(l) = 256*l - 289. Is n(27) a prime number?
False
Suppose 0 = 3*j + 2*v - 34165, 2*j - 15713 = -v + 7061. Is j a composite number?
False
Let p(t) = 4*t**2 - 33*t + 46. Let n = -8 - -29. Is p(n) a prime number?
True
Let l(c) = -786*c**3 - 45*c**2 - 315*c + 11. Is l(-6) a prime number?
True
Let i(t) = -125*t + 37. Suppose -16*p - 86 - 106 = 0. Is i(p) a prime number?
False
Suppose 4*c = 3*r + 18880, 5*c - 32477 + 8877 = -2*r. Let h = c + -2733. Is h a composite number?
False
Suppose 480555 - 389221 = 16*q - 2037258. Is q composite?
True
Suppose 0 = 432*l - 425*l - 4226929. Is l a composite number?
False
Let h(l) = l**3 - 21*l**2 + 18*l + 52. Let y be h(20). Let v(m) = 2*m**3 + 16*m**2 + 20*m - 19. Is v(y) a composite number?
False
Let d be 7/105*99 + 6/(-10). Suppose m - d = -2*m. Let o(j) = 133*j**3 - 5*j**2 + 5*j + 1. Is o(m) a prime number?
False
Let x be (28/42)/((-1)/9). Let n(q) = -583*q + 19. Let r(c) = -c. Let m(y) = n(y) - 2*r(y). Is m(x) a prime number?
False
Let s(q) = 2*q**3 + 202*q**2 - 281*q - 167. Is s(-100) composite?
False
Let c(z) = z**2 + 4*z + 5. Let s be c(-4). Suppose -s*f - 284 = -9*f. Suppose 5*o - 4*n - 197 = 0, -o - n = o - f. Is o a composite number?
False
Let z(i) = -i**2 + 26*i - 92. Let h be z(21). Suppose 186710 + 75591 = h*p. Is p a prime number?
True
Is (-6)/(-5) + 18742613/235 a composite number?
False
Is (-280409)/(((-4)/(-1))/(54 + -58)) a composite number?
False
Let b(j) = 239358*j**3 + j**2 + 3*j - 5. Is b(1) a composite number?
False
Suppose d - 4*y = 27, -5*d - y + 3*y + 153 = 0. Suppose -32*k + d*k + 14653 = -4*u, 0 = 3*k + 3*u - 44019. Is k a prime number?
True
Let k be 16/(640/24)*(-1 - -6). Let c(h) = 22*h + 23. Is c(k) a prime number?
True
Let k(a) = 59*a**3 + a**2 + 3*a + 1. Let c be k(4). Suppose 0*g - 6 = 8*g - 54. Suppose q = g*q - c. Is q a composite number?
False
Is (((-1484)/6)/(-7))/((-26)/(-345579)) a composite number?
True
Let n be 15*-10*7/(-14). Let d = -73 + n. Suppose p + 449 = 5*a, d*p + 189 = 3*a - 86. Is a a prime number?
True
Let q(t) = -4*t + 23. Let b be q(5). Suppose -1218 = -2*x - 4*d, b*x - 8*x + d = -3067. Is x a composite number?
False
Let c be (2*-24)/(-4)*3/(-6). Let t(q) be the second derivative 